
In base 7, what is -30 - 6?
-36
In base 5, what is -120 - -321?
201
In base 6, what is 1450 + 2?
1452
In base 8, what is -22733 - 2?
-22735
In base 2, what is 101 - -11111100?
100000001
In base 14, what is -61a - 3?
-61d
In base 3, what is 1100110020 + -10?
1100110010
In base 12, what is 320b + -3?
3208
In base 15, what is 22e - -11?
240
In base 14, what is 4 - 121a?
-1216
In base 12, what is -5 + -47?
-50
In base 14, what is -29 - 3?
-2c
In base 9, what is -133 - 40?
-173
In base 7, what is 1 - 2451?
-2450
In base 8, what is -63 + -31?
-114
In base 15, what is -27a + 5?
-275
In base 7, what is -5 + 13512?
13504
In base 13, what is -4 + b3?
ac
In base 4, what is -22 - 31?
-113
In base 3, what is -20201 - 12?
-20220
In base 13, what is -7a - 0?
-7a
In base 16, what is 39 - 2a2?
-269
In base 12, what is 0 + 10?
10
In base 4, what is -120 + -1?
-121
In base 16, what is -2e - 2?
-30
In base 3, what is -11020120 + 1?
-11020112
In base 5, what is -2430 + 22?
-2403
In base 12, what is 395 + 4?
399
In base 3, what is -10 - -2?
-1
In base 16, what is 18b + -4?
187
In base 14, what is -4 + -10c?
-112
In base 9, what is 343 - -12?
355
In base 5, what is 142 + 122?
314
In base 16, what is -5da + -2?
-5dc
In base 8, what is 142300 - -1?
142301
In base 8, what is -3 + 224?
221
In base 12, what is -132a + 9?
-1321
In base 4, what is 1 + 211?
212
In base 2, what is -1110 + 111001010?
110111100
In base 16, what is 1 - 1f?
-1e
In base 12, what is 36a1 - 2?
369b
In base 10, what is -7101 - 2?
-7103
In base 11, what is -53 - -1?
-52
In base 16, what is 53d + 2?
53f
In base 7, what is -1 + -12135?
-12136
In base 13, what is -64 - 6?
-6a
In base 10, what is -2 + 68?
66
In base 7, what is 10 - -110?
120
In base 15, what is -4d + 2?
-4b
In base 7, what is 33 - -23?
56
In base 13, what is 185 - -29?
1b1
In base 4, what is 11 + 323?
1000
In base 5, what is -3414 + 0?
-3414
In base 4, what is -2 + -1012?
-1020
In base 13, what is -4066 + 3?
-4063
In base 8, what is -56 + 1?
-55
In base 7, what is 153 - -6?
162
In base 2, what is -110 - 111110?
-1000100
In base 2, what is -110 - 1011011?
-1100001
In base 4, what is -121 + -12?
-133
In base 11, what is -24 - -4a9?
485
In base 3, what is -2112220 + -1?
-2112221
In base 3, what is -211021 + 11?
-211010
In base 8, what is 24 + 14?
40
In base 10, what is -89 + 1?
-88
In base 13, what is -3 + -6?
-9
In base 15, what is -b - -6?
-5
In base 10, what is 94 + 2?
96
In base 14, what is -2b76 + 1?
-2b75
In base 10, what is -2 - 2405?
-2407
In base 11, what is -9 + 3402?
33a4
In base 12, what is -159 + -a?
-167
In base 15, what is 4 - 1b22?
-1b1d
In base 7, what is 1 + 61?
62
In base 12, what is 95 + 0?
95
In base 10, what is -3 + -154?
-157
In base 9, what is 434 - 1?
433
In base 3, what is 200 - -1012?
1212
In base 12, what is 5 + 183?
188
In base 13, what is 182 + 5?
187
In base 5, what is -1 - -10214?
10213
In base 5, what is 1221 + 2?
1223
In base 16, what is -2 + -bb?
-bd
In base 12, what is 7a + -2?
78
In base 12, what is -4 + -111?
-115
In base 16, what is 1d + -22?
-5
In base 13, what is 13 + -14?
-1
In base 15, what is -5 - 45?
-4a
In base 8, what is 257 + 151?
430
In base 4, what is -103 - -111?
2
In base 4, what is 211322 + 1?
211323
In base 14, what is 0 - 102?
-102
In base 15, what is 0 + -14a8?
-14a8
In base 5, what is 3 - -1323?
1331
In base 9, what is 810 - -2?
812
In base 12, what is 304 - -9?
311
In base 6, what is 4 + 302?
310
In base 16, what is -5 - -7?
2
In base 6, what is -310 + -2?
-312
In base 11, what is -12 - -157?
145
In base 9, what is -26 + 5?
-21
In base 8, what is 35 - 17?
16
In base 2, what is 111101 - 100?
111001
In base 6, what is -1011 + -2?
-1013
In base 11, what is 1612 + 5?
1617
In base 4, what is 101 - -32?
133
In base 6, what is -3 - -1402?
1355
In base 3, what is 20 + -112021?
-112001
In base 15, what is 1053 - 4?
104e
In base 11, what is 1 + 37?
38
In base 16, what is -1 + 4?
3
In base 7, what is 105 - -42?
150
In base 12, what is 0 - 55?
-55
In base 14, what is 1856 - 1?
1855
In base 10, what is -61 + 167?
106
In base 12, what is 482 + 0?
482
In base 2, what is -1 + 100110?
100101
In base 16, what is -167 + 2?
-165
In base 15, what is -16 + -33?
-49
In base 3, what is 10 - 1122202?
-1122122
In base 3, what is -22100 - 2?
-22102
In base 7, what is -3 + -422?
-425
In base 6, what is -3 + 5?
2
In base 15, what is 3 - 57b?
-578
In base 7, what is -25 + -10?
-35
In base 2, what is -10110 - 101010?
-1000000
In base 15, what is -2 + 5?
3
In base 3, what is 212012 + -11?
212001
In base 7, what is -26 + -3?
-32
In base 4, what is -10 - 103?
-113
In base 8, what is -4 + 41?
35
In base 3, what is -2012 - 21?
-2110
In base 5, what is 4004 + 234?
4243
In base 15, what is 2 + -2?
0
In base 5, what is 0 - -3213?
3213
In base 10, what is 236 + -10?
226
In base 8, what is 221 - 2?
217
In base 2, what is -1011 + 11110100?
11101001
In base 10, what is -5 - 80?
-85
In base 3, what is 120 + -1021?
-201
In base 13, what is ab + 5?
b3
In base 10, what is -222 + -1?
-223
In base 2, what is 1111000 - 100100?
1010100
In base 7, what is 4 - 2542?
-2535
In base 7, what is -15 + -1?
-16
In base 15, what is -24 - -1?
-23
In base 14, what is 164 + 0?
164
In base 7, what is 202 - -5?
210
In base 11, what is 418 + -5?
413
In base 2, what is 11100 - 100101?
-1001
In base 2, what is 100000 + 10000?
110000
In base 11, what is 467 + 1?
468
In base 9, what is -18 + -1347?
-1366
In base 15, what is 3 - -23?
26
In base 2, what is -1 - -100010001?
100010000
In base 13, what is 255 + b?
263
In base 2, what is 101 + 10000?
10101
In base 6, what is 4 + 5122?
5130
In base 15, what is a + -60?
-55
In base 14, what is -4 + 8?
4
In base 6, what is -25325 - -4?
-25321
In base 10, what is 56 + 29?
85
In base 10, what is 1873 - -2?
1875
In base 16, what is 5 - -8e?
93
In base 15, what is 3b4 - -1?
3b5
In base 3, what is 2 - -2101210?
2101212
In base 12, what is 31 + -4?
29
In base 16, what is -c + -12?
-1e
In base 5, what is -12 + -3?
-20
In base 11, what is 17 + -13?
4
In base 8, what is -2226 - -11?
-2215
In base 15, what is 3e + 10?
4e
In base 4, what is 11301 - 10?
11231
In base 8, what is 1624 + 2?
1626
In base 11, what is -29 + 165?
137
In base 10, what is 280 + 4?
284
In base 9, what is -3 + 3?
0
In base 12, what is 3 - -310?
313
In base 9, what is 12 - 20?
-7
In base 15, what is -1 - -13?
12
In base 11, what is 138 - a?
129
In base 9, what is 8244 + 5?
8250
In base 9, what is 2 - -3?
5
In base 4, what is 12030 - 13?
12011
In base 5, what is 33 + -423?
-340
In base 2, what is -10010011 + -11?
-10010110
In base 11, what is 12 - -178?
18a
In base 16, what is -2 + 4c?
4a
In base 11, what is -1 + -530?
-531
In base 4, what is -13 - -1023?
1010
In base 3, what is 1222 + 0?
1222
In base 10, what is -895 + 4?
-891
In base 14, what is -4 - -1b53?
1b4d
In base 2, what is -110101 - -1000?
-101101
In base 4, what is 12 + 12222?
12300
In base 16, what is 178 - 2?
176
In base 6, what is 3 + -110?
-103
In base 2, what is -1 + 110101010011?
110101010010
In base 5, what is -3 - 2201?
-2204
In base 9, what is -32 - -13?
-18
In base 2, what is 1000010001 + 0?
1000010001
In base 5, what is -113214 - -4?
-113210
In base 9, what is 820 - -3?
823
In base 4, what is 1130301 + -3?
1130232
In base 15, what is -ae93 + -3?
-ae96
In base 13, what is 6a6 - -5?
6ab
In base 3, what is -1111000 - -2?
-1110221
In base 3, what is 10101 + -10?
10021
In base 4, what is 11 + -3222?
-3211
In base 11, what is -278 + -6?
-283
In base 5, what is -11 + 214?
203
In base 11, what is 459 + -5?
454
In base 8, what is -1365 - -2?
-1363
In base 2, what is 1010 + -10100?
-1010
In base 6, what is 1331 - 2?
1325
In base 10, what is 1957 + -3?
1954
In base 4, what is -1312 + -2?
-1320
In base 12, what is 19bb - 2?
19b9
In base 13, what is -6383 - -4?
-637c
In base 4, what is -11 - 323?
-1000
In base 13, what is -a3 - 1a9?
-27c
In base 2, what is -101 - -1001101?
1001000
In base 6, what is -2 + -1222?
-1224
In base 5, what is 21 + 2230?
2301
In base 14, what is 0 + 5b?
5b
In base 7, what is 20302 + 0?
20302
In base 4, what is 0 + 1112?
1112
In base 9, what is -4 - -5?
1
In base 16, what is 3 - -58?
5b
In base 13, what is -2 - 73?
-75
In base 5, what is 14 - 213?
-144
In base 3, 